29. Calculate the remainder when o(4) is divided by b.
20
Suppose 70 = -4*y - 178. Let z = y + 25. Let o = z + 62. What is the remainder when o is divided by 9?
7
Let d = -23 - -63. Suppose 5*c - 410 = u + 4*u, 3*c - u - 236 = 0. Calculate the remainder when c is divided by d.
37
Suppose 0 = 66*c - 73*c + 392. What is the remainder when c is divided by 41?
15
Let t = 29 + 10. Suppose -4*l + t + 53 = 0. Calculate the remainder when l is divided by 4.
3
Let v = -84 - -245. Calculate the remainder when v is divided by 42.
35
Let b(y) = -61*y**2 + 7 + y**3 + 2*y - 12*y + 52*y**2. Let o(z) = z**2 + 4*z. What is the remainder when o(-6) is divided by b(10)?
5
What is the remainder when (173/2)/((-4)/(-16)) is divided by 87?
85
Suppose -5*g + 471 = 421. Calculate the remainder when 539 is divided by g.
9
Let h be 0/(4 - (2 + 1)). Suppose -5*w + h + 10 = 0, -4*c + 2 = -w. Let a(z) = 3*z**3 + z. What is the remainder when 14 is divided by a(c)?
2
Let b = -73 + 62. Calculate the remainder when (-212)/(-6) + ((-33)/(-9))/b is divided by 19.
16
Suppose -4*s - 38 = -2*g, 38 + 0 = 2*g - 3*s. What is the remainder when 75 is divided by g?
18
Suppose -173 = -5*i - 4*d, -3*i + d = 4*d - 105. What is the remainder when 38 is divided by i?
5
Let l = -170 + 247. Let h = l + -18. Calculate the remainder when h is divided by 15.
14
Suppose -2*n + z + z + 208 = 0, 5*n - 499 = -2*z. What is the remainder when n is divided by 35?
31
What is the remainder when 7/(28/24) - -315 is divided by 55?
46
Let z = -95 + 104. What is the remainder when 34 is divided by z?
7
Let d(n) = -n**3 - n**2 + 22*n + 9. What is the remainder when 278 is divided by d(-6)?
50
Let s(t) = -t**2 - 3*t - 4. Let l be s(-4). Let p be (1 - 11) + l/(-2). Let o = 14 + p. What is the remainder when 22 is divided by o?
6
Let t = -89 - -90. What is the remainder when (3/(-6))/(3/(-12)) is divided by t?
0
Let d be (-3)/(2*4/24). Let m(g) = -10*g + 15. Let p be m(d). Suppose 31 = z + 4*r, -4*z + p = 5*r - 52. What is the remainder when z is divided by 15?
13
Suppose -30 - 2 = 4*h. Let j = h - -36. Let t = 44 + -29. What is the remainder when j is divided by t?
13
Let q = 1494 - 1353. What is the remainder when q is divided by 28?
1
Let v(m) = m + 14. Let h be v(-9). Suppose -h*y - 5 = l + 1, -100 = -5*l + y. Let u = l + 27. Calculate the remainder when u is divided by 12.
10
Suppose -17*r + 61 = -18*r. Let a = 74 + r. What is the remainder when 73 is divided by a?
8
Suppose -4*o - 38 + 4 = -5*r, 4*r = 4*o + 24. Let f = 101 - 93. Suppose -j + d + f = -34, -5*j - 3*d = -178. What is the remainder when j is divided by r?
8
Suppose 22*u - 3904 = -39*u. What is the remainder when u is divided by 52?
12
Suppose 20 = 3*o - 5*o. Let j(f) = f - 10. Let w be j(o). Calculate the remainder when 49 is divided by ((-100)/(-6))/(w/(-30)).
24
Let p(t) = 5*t**2 - 19*t + 61. Calculate the remainder when 326 is divided by p(5).
53
Let k be 9/(-6)*24/(-9). Suppose 0 = k*o - 25 - 83. Calculate the remainder when 107 is divided by o.
26
Let n(g) = -29*g**2 - 25*g**2 + 8*g + 61*g**2 + 12. What is the remainder when n(-4) is divided by 24?
20
Let v(u) = u**2 - 49*u + 311. Calculate the remainder when 725 is divided by v(44).
88
Suppose 2 = -4*g + 2*g, g = 2*a - 15. What is the remainder when 184/(-12)*3/(-2) is divided by a?
2
Suppose 0 = -2*q - l + 10, 4*l = -2*q - 0*l + 16. Suppose 9*t - 205 = q*t. Calculate the remainder when t is divided by 11.
8
Let p(a) = -184*a + 2. Let r be p(-2). Suppose 92 = 2*j - 4*v - 30, -3*v = 5*j - r. What is the remainder when 69 is divided by 18/36 + j/2?
33
Let u(o) = 10*o + 53. What is the remainder when u(0) is divided by (2/4)/(1/30)?
8
Let v(m) = 19*m + 1. Let i be v(1). Let a = i + -8. Let o = 93 + -72. What is the remainder when o is divided by a?
9
Let g(l) be the second derivative of -l**3/6 + 9*l**2/2 + 20*l. What is the remainder when 86 is divided by g(-14)?
17
What is the remainder when 267 is divided by (-126)/(-1) - (-2 + -7)?
132
Suppose -64 = -15*d + 13*d. What is the remainder when 191 is divided by d?
31
Let n = 28 - 17. What is the remainder when 512/12 - 1/(-3) is divided by n?
10
Let j be 2*4/((-32)/580). Let o = 9 - j. What is the remainder when o is divided by 39?
37
Let b(j) = 6*j**2 - 4. Calculate the remainder when b(-5) is divided by ((-777)/28)/(-1 + 2/8).
35
Let f(c) = -c**2 + 2. Let p be 12/1*4/8. Suppose p*v = 3*v - q - 5, v - 25 = 5*q. Calculate the remainder when 7 is divided by f(v).
1
Let h = -590 + 632. Calculate the remainder when 87 is divided by h.
3
Let c(m) = m**3 + 9*m**2 - 11*m + 3. Let n be c(-10). Let b = n + 28. Calculate the remainder when b is divided by 22.
19
Let u(i) = i**3 + 4*i**2 + 110*i + 447. Let q(x) = -8*x + 2. Calculate the remainder when q(-3) is divided by u(-4).
5
Let y(g) = g**3 - 5*g**2 + 2*g - 9. Let l be y(9). Suppose 2*h - l = -h. Suppose -84 = -5*i + 2*i. Calculate the remainder when h is divided by i.
27
Suppose 0 = -5*m + 3*w + 240, 0 = 23*m - 21*m + 2*w - 80. Calculate the remainder when 269 is divided by m.
44
Let x = -1 - -6. Suppose -3*m - x = -17. Suppose -16*l + 24 = -13*l + 3*v, 3*v = 3. Calculate the remainder when l is divided by m.
3
Let w(g) = g**3 + 8*g - 8. Calculate the remainder when w(5) is divided by 83.
74
Let r = -755 - -777. Calculate the remainder when 100 is divided by r.
12
Suppose 4*d + 3*i - 25 = 2*d, i - 25 = -4*d. Suppose u + l = 57, u + 1 = d*l + 34. Calculate the remainder when u is divided by 14.
11
Let c be ((-3)/(-6))/(1/4). Suppose c*s - 3 = 1. Calculate the remainder when s + -5 + 1 + 62 is divided by 31.
29
Let c(i) = 5 - i**2 + 22 - 15 - 5*i. Suppose 0 = t + 4*t + 25. What is the remainder when 46 is divided by c(t)?
10
Let l = -13 - -32. What is the remainder when (-4)/((-20)/(-55)) - -46 is divided by l?
16
Let i(q) = -7*q + 13. Calculate the remainder when 117 is divided by i(-4).
35
Calculate the remainder when 66 is divided by -1 - -1 - -2*(11 - -1).
18
Suppose -3*o + 6 = 4*k - 5*o, o - 5 = 0. Suppose 0 = h - 3, k*h - 2*h = -n + 78. What is the remainder when n is divided by 19?
15
Let w = -487 + 493. What is the remainder when 17 is divided by w?
5
Suppose 4*r + 35 = -a - 2*a, -4*a = 20. Let c be (r/((-20)/612))/(-1). Calculate the remainder when c/(-3) - (-4 - -2) is divided by 9.
8
Suppose -4*r - 5*x - 47 = -3*r, -154 = 4*r + 3*x. Let z = r - -74. Calculate the remainder when 110 is divided by z.
36
Let h = 550 - 540. What is the remainder when 28 is divided by h?
8
Let i = 1759 - 487. Calculate the remainder when i is divided by 67.
66
Let w = 1 - -3. Suppose 3*o - 174 = -5*d, 7*o + 3*d = w*o + 168. Suppose n - 28 = -n. Calculate the remainder when o is divided by n.
11
Let k be 366/30 + 1/(-5). Suppose k*h = 7*h + 155. Calculate the remainder when 86 is divided by h.
24
Let p = 70 - 64. Suppose -3*a = -2*k - 14, 7 = a - 2*k + 1. Suppose -3*j - p = -a*j. Calculate the remainder when j is divided by 2.
0
Let s = -42 + 85. Calculate the remainder when (-6)/((-24)/20)*2702/35 is divided by s.
42
Let w = 31 - -3. Let j = w + -19. Let r(q) = 6*q - 16. What is the remainder when r(j) is divided by 19?
17
What is the remainder when 112 is divided by (1528/(-10))/(-4) - 12/(-15)?
34
Suppose 5*t = 4*d + 254, 10 = -4*t - d + 230. What is the remainder when t is divided by (3 + 6 - 0) + 3 + -4?
6
Let l = 1 - -18. Suppose -3*c = -4*c + l. Calculate the remainder when c is divided by (-6)/(-12)*2*10.
9
What is the remainder when 100 is divided by (24/(-40))/((-3)/150) + 0?
10
Suppose -6 - 2 = -2*v + 5*x, x - 12 = -3*v. Suppose 0 = -z - 3*l - 19 + 66, 0 = -2*l + v. Let s = -31 + z. Calculate the remainder when 38 is divided by s.
8
Let t(m) be the second derivative of m**3/6 - 7*m**2/2 - 2*m. Let r be t(-11). What is the remainder when (135/r)/((-2)/4) is divided by 6?
3
Let p(y) = -7*y - 55. Suppose -6*n + 312 = 6*n. Calculate the remainder when n is divided by p(-10).
11
Suppose -111 = -5*r - 2*o, -2*r + 5*o = -r - 6. What is the remainder when 90 is divided by r?
6
Calculate the remainder when (3/(-6)*15)/((-15)/380) is divided by 56.
22
Calculate the remainder when 120 is divided by ((-153)/12)/(-1)*(-32)/(-12).
18
Let o be -2*22 - (1 + 0). Suppose 5*n + 151 = 601. Let s = o + n. What i